{"id":765,"date":"2016-01-11T19:38:45","date_gmt":"2016-01-11T18:38:45","guid":{"rendered":"http:\/\/langosco.it\/?page_id=765"},"modified":"2020-06-22T20:53:49","modified_gmt":"2020-06-22T18:53:49","slug":"nota-liutvardo-i","status":"publish","type":"page","link":"https:\/\/langosco.it\/?page_id=765","title":{"rendered":"Nota: Liutvardo I"},"content":{"rendered":"<p><a href=\"http:\/\/www.treccani.it\/enciclopedia\/liutvardo_res-95f093ff-87ee-11dc-8e9d-0016357eee51_%28Dizionario_Biografico%29\/\">Liutvardo I<\/a>: vescovo di Como dall\u2019888 al 905 (vissuto 840ca. +910ca.) che fu anche archicancellarius di Berengario I e di Ludovico III<\/p>\n<p style=\"text-align: center;\">&#8212;&#8211; <img loading=\"lazy\" decoding=\"async\" data-attachment-id=\"69\" data-permalink=\"https:\/\/langosco.it\/?attachment_id=69\" data-orig-file=\"https:\/\/i0.wp.com\/langosco.it\/wp-content\/uploads\/2015\/10\/stemma-langosco-di1-thumb.png?fit=105%2C120&amp;ssl=1\" data-orig-size=\"105,120\" data-comments-opened=\"1\" data-image-meta=\"{&quot;aperture&quot;:&quot;0&quot;,&quot;credit&quot;:&quot;&quot;,&quot;camera&quot;:&quot;&quot;,&quot;caption&quot;:&quot;&quot;,&quot;created_timestamp&quot;:&quot;0&quot;,&quot;copyright&quot;:&quot;&quot;,&quot;focal_length&quot;:&quot;0&quot;,&quot;iso&quot;:&quot;0&quot;,&quot;shutter_speed&quot;:&quot;0&quot;,&quot;title&quot;:&quot;&quot;,&quot;orientation&quot;:&quot;0&quot;}\" data-image-title=\"stemma-langosco-di1-thumb\" data-image-description=\"\" data-image-caption=\"\" data-medium-file=\"https:\/\/i0.wp.com\/langosco.it\/wp-content\/uploads\/2015\/10\/stemma-langosco-di1-thumb.png?fit=105%2C120&amp;ssl=1\" data-large-file=\"https:\/\/i0.wp.com\/langosco.it\/wp-content\/uploads\/2015\/10\/stemma-langosco-di1-thumb.png?fit=105%2C120&amp;ssl=1\" class=\"alignnone wp-image-69\" src=\"https:\/\/i0.wp.com\/langosco.it\/wp-content\/uploads\/2015\/10\/stemma-langosco-di1-thumb.png?resize=10%2C11&#038;ssl=1\" alt=\"stemma-langosco-di1-thumb\" width=\"10\" height=\"11\"  data-recalc-dims=\"1\"> &#8212;&#8211;<\/p>\n<h4 class=\"section\">da Treccani: Dizionario Biografico degli Italiani &#8211; Volume 65 (2005)<\/h4>\n<p>di <b>Andrea Bedina<\/b><\/p>\n<p><strong>LIUTVARDO<\/strong> (Liutardus, Lituardus, Liutoardus, Leotoardus). &#8211; Nel totale silenzio delle fonti riguardo all&#8217;infanzia e alla giovinezza di L., \u00e8 ragionevole porre la sua nascita intorno agli anni Quaranta del IX secolo. Tale supposizione \u00e8 resa possibile dal fatto che la sua prima menzione si trova in una lettera di papa Stefano V a Valperto, patriarca di Aquileia. Nella missiva, databile all&#8217;887-888, il pontefice reitera al potente prelato l&#8217;intimazione di consacrare quale vescovo di Como L. che era gi\u00e0 stato &#8220;electum a clero&#8221; (Kehr, n. 42). \u00c8 dunque possibile ipotizzare che il consacrando vescovo a quell&#8217;epoca avesse &#8211; anche per la sua probabile esperienza a corte &#8211; circa quarant&#8217;anni. Incerta \u00e8 pure la localit\u00e0 in cui nacque; studi recenti tuttavia, che riprendono e rafforzano ipotesi gi\u00e0 avanzate a suo tempo da Savio, propongono &#8211; sulla scorta di una donazione <em>pro anima<\/em> del 16 luglio 967 &#8211; per L. una nascita pavese e una parentela con il rampante <em>iudex<\/em> Gaidolfo, originario appunto di Pavia.<\/p>\n<p>Gaidolfo, in punto di morte &#8211; secondo l&#8217;ormai consolidata prassi del prestito dissimulato &#8211; con l&#8217;intermediazione di Adelgiso, prete e officiale della chiesa pavese di S. Giorgio, donava in realt\u00e0 al monastero di Cluny diversi beni mobili e immobili. Gaidolfo, in cambio, nel suo <em>iudicatum<\/em> chiedeva che, oltre all&#8217;edificazione di un cenobio retto da monaci direttamente provenienti dalla sede borgognona dell&#8217;Ordine, venissero officiate messe e si pregasse per amici e parenti defunti: in particolare si richiedeva la celebrazione di una messa e del vespro nell&#8217;anniversario della morte di L., chiaramente indicato quale &#8220;episcopus sancte Comensis Ecclesiae&#8221; (sull&#8217;intera, intricata questione cfr. Savio, Settia e Andenna).<\/p>\n<p>Sia L., dunque, sia alcuni suoi successori sulla cattedra vescovile comasca (Liutvardo [II], noto anche come Liutardo o Liuprando; Pietro [II] e Pietro [III]) avrebbero avuto un&#8217;unica origine familiare pavese. Addirittura (secondo Settia) si potrebbe affermare che l&#8217;episcopato comense per tutto il X secolo sarebbe stato appannaggio di famiglie di giudici pavesi.<\/p>\n<p>Incertezze permangono anche per quanto concerne la durata dell&#8217;episcopato di L.; se la sua elezione da parte del clero comasco \u00e8 da porre prima dell&#8217;887, L. \u00e8 per la prima volta sicuramente indicato quale vescovo di Como in un diploma di Ludovico III, datato Bologna, 19 genn. 901; Rovelli fa salire L. alla cattedra vescovile tra l&#8217;885 e l&#8217;897, stando alle incerte date di inizio e fine episcopato del suo predecessore Eliberto (o Eriberto, Angilberto).<\/p>\n<p>Il successore di L., Valperto, fu vescovo presumibilmente dal 911 al 914; a Valperto succedette un &#8220;Liutardus&#8221; che risulta intervenire in un diploma di Berengario I del 1\u00b0 febbr. 915: alcuni lo identificano con L. (in particolare cfr. Settia, p. 21), mentre altri, tra i quali Savio e Pensa, distinguono tra l&#8217;una e l&#8217;altra figura episcopale. Savio (p. 311) sostiene che vi sia una differenza gi\u00e0 nella composizione onomastica dei due personaggi: &#8220;Liut-ward&#8221; e &#8220;Liut-hard&#8221;, con significati diversi nell&#8217;antico idioma germanico; Pensa accoglie quanto supposto da Savio. Tatti (p. 35) e Rovelli sono anch&#8217;essi del parere che si tratti non solo di un altro vescovo, ma che il suo nome sia quello di Liutprando.<\/p>\n<p>L. fu eletto con il favore di Ludovico III in anni assai difficili per il Regno italico; un quadro politico complessivamente fosco e drammatico fece da sfondo al suo episcopato.<\/p>\n<p>Alla morte dell&#8217;imperatore Carlo III il Grosso (888), con l&#8217;azione centrifuga dei locali <em>domini locorum<\/em> del Regno italico era cominciata anche la lunga, sanguinosa lotta per il potere regio-imperiale. Proprio l&#8217;area comasca, ai confini del <em>Regnum<\/em> e abituale zona di transito dei sovrani germanici e delle loro truppe, si trovava in un complesso mosaico di circoscrizioni comitali (quelle di Milano e del Seprio nel <em>Regnum<\/em>, quella di Bellinzona oltre confine) e marchionali (quella Obertenga) di diversa natura e tenuta, e di distretti signorili pi\u00f9 difficilmente inquadrabili nel magmatico universo signorile laico ed ecclesiastico del tempo, come il <em>comitatus<\/em> di Chiavenna, il <em>vicecomitatulus<\/em> di Valtellina e il <em>comitatus<\/em> di Lecco. L&#8217;episcopio comasco confinava inoltre con l&#8217;archidiocesi milanese, in cui i potentissimi presuli non solo godevano delle prerogative ecclesiastiche, ma si avviavano ad allargare ancora di pi\u00f9 il loro potere anche all&#8217;ambito civile escludendo, nel corso del X secolo, le sempre pi\u00f9 deboli figure funzionariali laiche di livello comitale dall&#8217;esercizio del governo cittadino. A rendere ancora pi\u00f9 complicata l&#8217;azione di L. dovette incidere inoltre il pericolo delle invasioni ungariche, che presero avvio sullo scorcio del IX secolo e interessarono anche l&#8217;area settentrionale della <em>Langobardia<\/em>.<\/p>\n<p>Molti dubbi permangono a proposito del ruolo di L. come <em>archicancellarius<\/em> del sovrano e non \u00e8 possibile stabilire con certezza se egli abbia esercitato questo ufficio per Berengario I o per Ludovico III. Rimane irrisolta e controversa l&#8217;identificazione di L. nel &#8220;Liutardus&#8221; notaio di Adelardo (vescovo di Verona e arcicancelliere regio-imperiale) che compare in calce a un diploma di Berengario I del 18 ag. 889 e del &#8220;Liutardus&#8221; vescovo di Como presente nell&#8217;ulteriore diploma berengariano del 4 marzo 915, figura su cui, come si \u00e8 detto, non mancano i dubbi. In un documento di Ludovico III, datato Pavia, 12 ott. 900 (solo un cenno in Bresslau), L. figura quale arcicancelliere del sovrano, ufficio che ricopr\u00ec, stando alla malcerta documentazione disponibile, forse fino al 4 giugno 905 (ma il documento \u00e8 considerato un falso da Schiaparelli, <em>I diplomi di Ludovico III\u2026<\/em>, p. 85).<\/p>\n<p>L. compare in non pochi diplomi sovrani dei primi del X secolo: nel suo doppio ruolo di vescovo e di arcicancelliere fu certamente partecipe dell&#8217;opera di indirizzo politico e diplomatico della Cancelleria regia-imperiale e fu attivo anche nelle assemblee giudiziarie. Confermati alla sua Chiesa diritti e prerogative gi\u00e0 concessi ai suoi predecessori, tra il 12 ott. 901 e il 4 giugno 905, e bench\u00e9 vi siano almeno due documenti di dubbia autenticit\u00e0 (<em>ibid.<\/em>, pp. 76 s., 79 s.), sappiamo della sua presenza in almeno altri quattordici diplomi, dal 14 ott. 901 al 12 maggio 902 (<em>ibid.<\/em>, pp. 10, 12, 18, 24, 30, 33, 36, 38, 44-47, 49 s., 53, 56) con una mobilit\u00e0 accertata che spazia da Pavia a Vercelli, da Bologna a Roma, da Piacenza a Corteolona.<\/p>\n<p>In taluni atti l&#8217;azione di L. si sviluppa a favore della Chiesa comasca: il 7 dic. 901 Ludovico III concede a L. &#8211; in quest&#8217;occasione non citato quale arcicancelliere &#8211; la chiesa e badia di S. Giorgio di Coronate d&#8217;Adda, dietro intercessione di Garibaldo, vescovo di Novara, e del marchese (e probabilmente conte palatino) Sigefredo.<\/p>\n<p>Non \u00e8 possibile stabilire con certezza l&#8217;anno della morte di L.: Savio (p. 309) cita il <em>Necrologium Augiae Divitis<\/em> (databile agli inizi del X secolo), dove \u00e8 annotata la morte di un vescovo &#8220;Liutvarit&#8221; al 24 giugno, e l&#8217;appendice al <em>Liber<\/em> della Confraternita del monastero di San Gallo (dello stesso periodo) dove, sempre al 24 giugno, si registra la morte &#8220;Liutvardi Cumani episcopi&#8221; (qualificato dall&#8217;editore come &#8220;archicancellarius Ludovici III&#8221;), per il quale Salomone (III) vescovo di Costanza concede siano celebrati uffici funebri in memoria. Salomone fu vescovo di Costanza dall&#8217;889 al 920, quindi la morte di L. va collocata entro quest&#8217;ultima data che comprende anche il periodo di governo episcopale del non meglio precisato omonimo di L. (presente a Como verso il 915) ovvero il secondo periodo episcopale di L. stesso.<\/p>\n<p><span class=\"sc\">Fonti e Bibl<\/span>.: <em>Libri Confraternitatum Sancti Galli\u2026<\/em>, a cura di P. Piper, in<em> Mon. Germ. Hist.<\/em>, <em>Antiquitates<\/em>, Berolini 1884, p. 136; <em>Necrologium Augiae Divitis<\/em>, a cura di L. Baumann, <em>ibid.<\/em>,<em> Necrologia Germaniae<\/em>, I, 1, ibid. 1886, p. 277; Ph. Jaff\u00e9, <em>Regesta pontificum Romanorum<\/em>, a cura di S. L\u00f6wenfeld <em>et al.<\/em>, I, Lipsiae 1885, n. 3442; <em>Codex diplomaticus Langobardiae<\/em>, a cura di L. Porro Lambertenghi, in <em>Mon.<\/em><em>hist. patriae<\/em>, XIII, Augustae Taurinorum 1873, coll. 669 s.; <em>I diplomi di Berengario I<\/em>, a cura di L. Schiaparelli, in <em>Fonti per la storia d&#8217;Italia<\/em> [Medio Evo], XXXV, Roma 1903, pp. 28 s., 250-252; <em>I diplomi di Ludovico III e Rodolfo II<\/em>, a cura di L. Schiaparelli, <em>ibid<\/em>., XXXVII, ibid. 1910, pp. 5, 10, 12, 18 s., 24, 30, 33, 36, 38, 44-47, 49 s., 53, 56, 76 s., 79 s., 85; P.F. Kehr, <em>Italia pontificia<\/em>, VII, Berolini 1923, p. 27 nn. 41 s.; L. Tatti, <em>De gli annali sacri della citt\u00e0 di Como<\/em>, Milano 1683, I, pp. 17 s., 20, 22 s., 35; IV, p. 788; F. Ughelli &#8211; N. Coleti, <em>Italia sacra<\/em>, V, Venetiis 1720, p. 271; G. Rovelli, <em>Storia di Como<\/em>, II, Milano 1794, p. 61; C. Cant\u00f9, <em>Storia della citt\u00e0 e della diocesi di Como<\/em>, I, Firenze 1856, pp. 119 s.; <em>Recueil des chartes de l&#8217;abbaye de Cluny<\/em>, a cura di A. Bernard &#8211; A. Bruel, II, Paris 1880, n. 1229 p. 313; F. Savio, <em>Gli antichi vescovi d&#8217;Italia dalle origini al 1300 descritti per regioni<\/em>, II, 2, Bergamo 1929, pp. 307-311; P. Pensa, <em>Dall&#8217;et\u00e0 carolingia all&#8217;affermarsi delle signorie<\/em>, in <em>Storia religiosa della Lombardia<\/em>, a cura di A. Caprioli &#8211; A. Rimoldi &#8211; L. Vaccaro, Brescia 1986, pp. 48 s.; A.A. Settia, <em>Pavia nel secolo X e la presenza di Maiolo<\/em>, in <em>S. Maiolo e le influenze cluniacensi nell&#8217;Italia del Nord. Atti del Convegno internazionale<\/em>,<em> Pavia-Novara\u2026 1994<\/em>, Pavia 1998, pp. 20 s.; G. Andenna, <em>Le fondazioni monastiche del Nord Italia riformate da Maiolo<\/em>, <em>ibid.<\/em>, pp. 203 s.; H. Bresslau, <em>Manuale di diplomatica per la Germania e l&#8217;Italia<\/em>, Roma 1998, p. 353.<\/p>\n","protected":false},"excerpt":{"rendered":"<p>Liutvardo I: vescovo di Como dall\u2019888 al 905 (vissuto 840ca. +910ca.) che fu anche archicancellarius di Berengario I e di Ludovico III &#8212;&#8211; &#8212;&#8211; da Treccani: Dizionario Biografico degli Italiani &#8211; Volume 65 (2005) di Andrea Bedina LIUTVARDO (Liutardus, Lituardus, Liutoardus, Leotoardus). &#8211; Nel totale silenzio delle fonti riguardo all&#8217;infanzia e alla giovinezza di L., \u00e8 ragionevole porre la sua nascita intorno agli anni Quaranta del IX secolo. Tale supposizione&hellip; <\/p>\n","protected":false},"author":1,"featured_media":0,"parent":0,"menu_order":0,"comment_status":"closed","ping_status":"closed","template":"layouts\/page-fullwidth.php","meta":{"jetpack_post_was_ever_published":false,"footnotes":""},"class_list":["post-765","page","type-page","status-publish","hentry"],"jetpack_sharing_enabled":true,"jetpack_shortlink":"https:\/\/wp.me\/P6ZQY0-cl","jetpack-related-posts":[{"id":329,"url":"https:\/\/langosco.it\/?page_id=329","url_meta":{"origin":765,"position":0},"title":"Sintesi Storica dal sec IX al X &#8211; Primi Secoli","date":"Novembre 23, 2015","format":false,"excerpt":"Vari studi del secolo scorso hanno evidenziato come la famiglia dei Langosco tragga origine da una linea di giudici reali ed imperiali d\u2019origine longobarda, presente in Pavia nei sec. IX e X ed avente stretti rapporti con l\u2019abazia di Nonantola (wikipedia). La genealogia dei conti Lomello-Langosco messa a punto da\u2026","rel":"","context":"Articolo simile","img":{"alt_text":"","src":"https:\/\/i0.wp.com\/langosco.it\/wp-content\/uploads\/2015\/12\/Nonantola3-demi-300x200.jpg?resize=350%2C200&ssl=1","width":350,"height":200},"classes":[]},{"id":148,"url":"https:\/\/langosco.it\/?page_id=148","url_meta":{"origin":765,"position":1},"title":"Documenti","date":"Ottobre 25, 2015","format":false,"excerpt":"Genealogie: geneal.sec. 14\u00b0, 20\u00b0 geneal.sec. 12\u00b0, 13\u00b0 geneal.sec. 9\u00b0, 10\u00b0, 11\u00b0 docum.sec. 12\u00b0, 13\u00b0, 14\u00b0 docum.sec. 15\u00b0 docum.sec. 9\u00b0, 10\u00b0, 11\u00b0 Doc vari: Conte palatino Via Romea e Lomello Carolingi geneal Bibliografia sec. 10\u00b0, confronto vite Sintesi Bibl. 17 parentele Mocchia Scheda Annuario Nob. Ital. sec. 9\u00b0 - 10\u00b0 -\u2026","rel":"","context":"Articolo simile","img":{"alt_text":"","src":"","width":0,"height":0},"classes":[]},{"id":339,"url":"https:\/\/langosco.it\/?page_id=339","url_meta":{"origin":765,"position":2},"title":"Bibliografia","date":"Novembre 23, 2015","format":false,"excerpt":"Nel seguente tabulato ogni riga si riferisce ad un\u2019opera e le informazioni sono incluse su 5 colonne che da sinistra a destra riportano: 1) Un numero d\u2019ordine attribuito all\u2019opera. (Bibl. PLL n\u00b0 ) 2) Un secondo num. d\u2019ordine utile in alcuni casi. 3) L\u2019indicazione (0\/1) se l\u2019opera (in origin. o\u2026","rel":"","context":"Articolo simile","img":{"alt_text":"","src":"","width":0,"height":0},"classes":[]}],"_links":{"self":[{"href":"https:\/\/langosco.it\/index.php?rest_route=\/wp\/v2\/pages\/765","targetHints":{"allow":["GET"]}}],"collection":[{"href":"https:\/\/langosco.it\/index.php?rest_route=\/wp\/v2\/pages"}],"about":[{"href":"https:\/\/langosco.it\/index.php?rest_route=\/wp\/v2\/types\/page"}],"author":[{"embeddable":true,"href":"https:\/\/langosco.it\/index.php?rest_route=\/wp\/v2\/users\/1"}],"replies":[{"embeddable":true,"href":"https:\/\/langosco.it\/index.php?rest_route=%2Fwp%2Fv2%2Fcomments&post=765"}],"version-history":[{"count":5,"href":"https:\/\/langosco.it\/index.php?rest_route=\/wp\/v2\/pages\/765\/revisions"}],"predecessor-version":[{"id":2150,"href":"https:\/\/langosco.it\/index.php?rest_route=\/wp\/v2\/pages\/765\/revisions\/2150"}],"wp:attachment":[{"href":"https:\/\/langosco.it\/index.php?rest_route=%2Fwp%2Fv2%2Fmedia&parent=765"}],"curies":[{"name":"wp","href":"https:\/\/api.w.org\/{rel}","templated":true}]}}