{"id":721,"date":"2016-01-11T17:36:56","date_gmt":"2016-01-11T16:36:56","guid":{"rendered":"http:\/\/langosco.it\/?page_id=721"},"modified":"2016-01-14T15:41:21","modified_gmt":"2016-01-14T14:41:21","slug":"sintesi-storica-parte-3-ramo-principale","status":"publish","type":"page","link":"https:\/\/langosco.it\/?page_id=721","title":{"rendered":"Sintesi Storica dal Sec. XV in poi &#8211; ramo principale"},"content":{"rendered":"<p><strong>Langosco di Langosco (di S. Polo o S. Paolo Leria)<\/strong><\/p>\n<p>I due fratelli <strong><a href=\"http:\/\/langosco.it\/?page_id=581\">Giordano e Lionardo di Langasco<\/a><\/strong> (sic) nel 1453 combatterono per difendere Costantinopoli.<\/p>\n<p><strong>Guido Antonio<\/strong>. (Bibliografia 10 &#8211; pag. 2.) Capitano generale delle cacce dello stato di Milano. Compreso nell&#8217;investitura delle chiese di S. Martino e di S. Maria di Langosco, data nel 1571 dal vescovo di Vercelli.<\/p>\n<p><strong>Teofilo<\/strong>. (Bibliografia 10 &#8211; pag. 2.) Fu statore maggiore militare di Pavia. Mor\u00ec nel 1608<\/p>\n<p><strong><a href=\"http:\/\/langosco.it\/?page_id=265\">Teofilo Teobaldo<\/a> Giuseppe Antonio<\/strong>. (Bibliografia 10 &#8211; pag. 2.) Nacque a Casale il 12 luglio 1752. Dottore in legge a Pavia (1768) e a Torino (1770). Entr\u00f2 nella magistratura piemontese dove ricopr\u00ec varie cariche. Dapprima destituito dal governo napoleonico, poi il principe Borghese, governatore del Piemonte, gli offr\u00ec la carica di consigliere nel senato di Genova, che egli accett\u00f2 dopo essersi consultato col re di Sardegna. Fu decorato di un titolo di barone dal governo napoleonico con decreto del 30 luglio 1812.<\/p>\n<p>Ritornata la casa di Savoia nel 1815, ebbe altre cariche tra cui primo presidente del senato di Torino. Il 10 aprile 1821 a seguito dei moti di quell&#8217;anno, fu nominato a far parte della commissione militare per i delitti politici. Il 31 dicembre 1822 reggente la Grande Cancelleria del re Carlo Felice. Il 5 dicembre 1825 guardasigilli (come a dire ministro di grazia e giustizia). Nel 1830 ebbe le grandi entrate a corte; il 24 maggio 1831, fu fatto Grande di Corona dal re Carlo Alberto e nel 1832 fu Gran Cordone Mauriziano. Mor\u00ec il 23 aprile 1835 a Nizza al mare.<\/p>\n<p><strong><a href=\"http:\/\/langosco.it\/?page_id=267\">Riccardo Felice<\/a><\/strong>. (Bibliografia 10 &#8211; pag. 3.) Nato il 2 agosto 1814. ufficiale di fanteria. Quale capitano nel 13\u00b0 fanteria fu ferito alla battaglia di Solferino, alla Madonna della Scoperta, il 24 giugno 1859 e non si ritir\u00f2 dal combattimento se non dopo la seconda ferita. Ricoverato all&#8217;ospedale militare di Brescia, guar\u00ec. Ebbe la medaglia d&#8217;argento al valor militare. Spos\u00f2 il 17 novembre 1840 a Londra nella chiesa anglicana di St James in Piccadilly e nella cappella cattolica del re di Sardegna, Carolina Maria Gresley nata il 12 dicembre 1809 a Leichfield (Inghilterra), protestante, figlia del barone Riccardo e di Carolina Grote. Mor\u00ec il 18 novembre 1902 a Milano (via Cernaia 11) e fu ivi sepolta nel reparto acattolico del cimitero monumentale, tomba-giardino 27. Mor\u00ec a Genova l&#8217;11 aprile 1886<\/p>\n<p><strong><a href=\"http:\/\/langosco.it\/?page_id=272\">Luigi Riccardo Felice<\/a><\/strong>. (Bibliografia 10 &#8211; pag. 3.) Figlio del precedente. Nacque a Genova il 7 ottobre 1841 Allievo della scuola di marina a Genova, fu poi guardiamarina e nel 1861 sottotenente di vascello. Capitano di fregata, prese parte agli assedi di Ancona e di Gaeta e alla battaglia del Garigliano. Dopo le tristi giornate del 1866 nell&#8217;Adriatico concorse alla pacificazione di Palermo nell&#8217;ottobre dello stesso anno. Si guadagn\u00f2 due medaglie d&#8217;argento al valor militare e due menzioni onorevoli. Nelle campagne marittime all&#8217;estero fu insignito di varie onorificenze. Per la tubercolosi lasci\u00f2 la carriera navale. Mor\u00ec il 19 ottobre 1875 a Genova,<\/p>\n<p><strong><a href=\"http:\/\/langosco.it\/?page_id=822\">Vittorio Riccardo Enrico<\/a><\/strong>. (Bibliografia 10 &#8211; pag. 3.) Nato a Milano il 18 giugno 1889. Durante la grande guerra 1915-1918 fu tenente effettivo nei cavalleggeri Roma, comandante di una sezione mitraglieri e cadde il 4 agosto 1915 a Bosco Cappuccio (Carso), colpito in fronte da palla nemica. Gli furono assegnate due medaglie di bronzo al valore militare, l&#8217;una il 25 luglio 1915 e l&#8217;altra dopo la morte.<\/p>\n<p><strong>Guido<\/strong>. (Bibliografia 10 &#8211; pag. 3.) Fratello del precedente; nato a Milano il 2 aprile 1893. Durante la guerra mondiale 1915-1918, bench\u00e9 riformato, accorse dall&#8217;estero dove si trovava, e fu bersagliere volontario di guerra. Come tenente dell&#8217;11\u00b0 bersaglieri, il 2 novembre 1918, alla vigilia dell&#8217;armistizio, mor\u00ec, per malattia contratta in trincea [febbre spagnola], a Mossano (Vicenza) in un ospedale da campo. Fu decorato di due croci di guerra.<\/p>\n<p><strong><a href=\"http:\/\/langosco.it\/?page_id=840\">Luigi Federico Carlo Maria<\/a><\/strong>. (Bibliografia 10 &#8211; pag. 3.) Nato a Langosco, alla tenuta Regina, il 25 settembre 1876. Prese parte alla grande guerra 1915-1918 e fu decorato della croce di guerra. Colonnello d&#8217;artiglieria di compl. Durante la seconda guerra mondiale fu collocato in riserva per ragioni d&#8217;et\u00e0, ma collabor\u00f2 con la resistenza contro l&#8217;occupazione tedesca, fu fatto prigioniero dai tedeschi; internato politico a Mauthausen dove mor\u00ec il 18 agosto 1944.<\/p>\n<p><strong>Riccardo Felice Carlo Antonio<\/strong>. (Bibliografia 10 &#8211; pag. 3.) Nacque a Langosco alla tenuta Regina il 20 ottobre 1874. Dottore in medicina e chirurgia, prest\u00f2 servizio durante la guerra mondiale 1915-1918 come capitano medico di complemento. Mor\u00ec a Torino il 29 ap. 1950. Spos\u00f2 il 26 settembre 1903 Maria Mocchia di C\u00f2ggiola nata a Casale il 30 ottobre 1878.<\/p>\n<p><strong>Massimiliano Enrico Giuseppe Mario<\/strong>. (Bibliografia 10 &#8211; pag. 3.) Nato a Milano il 16 agosto 1913. Tenente pilota in servizio permanente effettivo. Partecip\u00f2 alla guerra di Spagna. Si merit\u00f2 una medaglia di bronzo al valore militare, una croce di guerra italiana e una croce di guerra spagnola. Come capitano partecip\u00f2 a tutta la seconda guerra mondiale, Mediterraneo, Malta, Nordafrica. Ebbe due medaglie d&#8217;argento sul campo e il distintivo d&#8217;oro dei cacciatori. Per\u00ec in combattimento aereo a Decimu Mannu (Cagliari) il 31 marzo 1943 all&#8217;et\u00e0 di 29 anni. Spos\u00f2 il 24\/4\/1940 Altobella Brigante Colonna.<\/p>\n<p style=\"text-align: center;\">&#8212;&#8211; <img loading=\"lazy\" decoding=\"async\" data-attachment-id=\"69\" data-permalink=\"https:\/\/langosco.it\/?attachment_id=69\" data-orig-file=\"https:\/\/i0.wp.com\/langosco.it\/wp-content\/uploads\/2015\/10\/stemma-langosco-di1-thumb.png?fit=105%2C120&amp;ssl=1\" data-orig-size=\"105,120\" data-comments-opened=\"1\" data-image-meta=\"{&quot;aperture&quot;:&quot;0&quot;,&quot;credit&quot;:&quot;&quot;,&quot;camera&quot;:&quot;&quot;,&quot;caption&quot;:&quot;&quot;,&quot;created_timestamp&quot;:&quot;0&quot;,&quot;copyright&quot;:&quot;&quot;,&quot;focal_length&quot;:&quot;0&quot;,&quot;iso&quot;:&quot;0&quot;,&quot;shutter_speed&quot;:&quot;0&quot;,&quot;title&quot;:&quot;&quot;,&quot;orientation&quot;:&quot;0&quot;}\" data-image-title=\"stemma-langosco-di1-thumb\" data-image-description=\"\" data-image-caption=\"\" data-medium-file=\"https:\/\/i0.wp.com\/langosco.it\/wp-content\/uploads\/2015\/10\/stemma-langosco-di1-thumb.png?fit=105%2C120&amp;ssl=1\" data-large-file=\"https:\/\/i0.wp.com\/langosco.it\/wp-content\/uploads\/2015\/10\/stemma-langosco-di1-thumb.png?fit=105%2C120&amp;ssl=1\" class=\"alignnone wp-image-69\" src=\"https:\/\/i0.wp.com\/langosco.it\/wp-content\/uploads\/2015\/10\/stemma-langosco-di1-thumb.png?resize=10%2C11\" alt=\"stemma-langosco-di1-thumb\" width=\"10\" height=\"11\" data-recalc-dims=\"1\" \/> &#8212;&#8211;<\/p>\n<p><em>Vorrei da ultimo attrarre l&#8217;attenzione del lettore sul triste fatto che ben quattro membri di questa prosapia persero la vita al servizio della patria tra la prima e la seconda guerra mondiale nel breve lasco di tempo di vent&#8217;anni.<\/em><\/p>\n<p>&nbsp;<\/p>\n<p style=\"text-align: center;\"><div class=\"su-row\"><div class=\"su-column su-column-size-1-2\"><div class=\"su-column-inner su-u-clearfix su-u-trim\">\n<p style=\"text-align: left;\">Precede:<\/p>\n<p style=\"text-align: left;\"><a href=\"http:\/\/langosco.it\/?page_id=329\">Primi secoli<\/a><\/p>\n<p style=\"text-align: left;\"><a href=\"http:\/\/langosco.it\/?page_id=564\">Sec. XI e XIV<\/a><\/p>\n<p style=\"text-align: left;\"><a href=\"http:\/\/langosco.it\/?page_id=558\">Sec. XV in poi: i rami estinti<\/a><\/p>\n<p style=\"text-align: center;\"><\/div><\/div><div class=\"su-column su-column-size-1-2\"><div class=\"su-column-inner su-u-clearfix su-u-trim\">\n<p style=\"text-align: center;\"><\/div><\/div><\/div>\n","protected":false},"excerpt":{"rendered":"<p>Langosco di Langosco (di S. Polo o S. Paolo Leria) I due fratelli Giordano e Lionardo di Langasco (sic) nel 1453 combatterono per difendere Costantinopoli. Guido Antonio. (Bibliografia 10 &#8211; pag. 2.) Capitano generale delle cacce dello stato di Milano. Compreso nell&#8217;investitura delle chiese di S. Martino e di S. Maria di Langosco, data nel 1571 dal vescovo di Vercelli. Teofilo. (Bibliografia 10 &#8211; pag. 2.) Fu statore maggiore militare&hellip; <\/p>\n","protected":false},"author":1,"featured_media":832,"parent":97,"menu_order":0,"comment_status":"closed","ping_status":"closed","template":"layouts\/page-fullwidth.php","meta":{"jetpack_post_was_ever_published":false,"footnotes":""},"class_list":["post-721","page","type-page","status-publish","has-post-thumbnail","hentry"],"jetpack_sharing_enabled":true,"jetpack_shortlink":"https:\/\/wp.me\/P6ZQY0-bD","jetpack-related-posts":[{"id":1334,"url":"https:\/\/langosco.it\/?page_id=1334","url_meta":{"origin":721,"position":0},"title":"XV onward &#8211; main branch","date":"Marzo 25, 2016","format":false,"excerpt":"Langosco di Langosco (di S. Polo o S. Paolo Leria) I due fratelli Giordano e Lionardo di Langasco (sic) nel 1453 combatterono per difendere Costantinopoli. Guido Antonio. (Bibliografia 10 - pag. 2.) Capitano generale delle cacce dello stato di Milano. Compreso nell'investitura delle chiese di S. Martino e di S.\u2026","rel":"","context":"Articolo simile","img":{"alt_text":"","src":"","width":0,"height":0},"classes":[]},{"id":558,"url":"https:\/\/langosco.it\/?page_id=558","url_meta":{"origin":721,"position":1},"title":"Sintesi Storica dal Sec. XV in poi &#8211; rami estinti","date":"Gennaio 7, 2016","format":false,"excerpt":"Tra le figure che successivamente si distinsero segnaler\u00f2 le seguenti: Signori di Stroppiana (1\u00b0 ramo) Giovan Tomaso. Fu il pi\u00f9 eminente personaggio di questa linea. Nel 1554 ambasciatore del duca all\u2019imperatore nei Paesi Bassi. Nel 1556 signore di Villarboit. Nel 1559 plenipotenziario a Cateau-Cambr\u00e9sis dove firma i trattati in rappresentanza\u2026","rel":"","context":"Articolo simile","img":{"alt_text":"","src":"","width":0,"height":0},"classes":[]},{"id":1331,"url":"https:\/\/langosco.it\/?page_id=1331","url_meta":{"origin":721,"position":2},"title":"XV century onward &#8211; extinct branches","date":"Marzo 25, 2016","format":false,"excerpt":"Tra le figure che successivamente si distinsero segnaler\u00f2 le seguenti: Signori di Stroppiana (1\u00b0 ramo) Giovan Tomaso. Fu il pi\u00f9 eminente personaggio di questa linea. Nel 1554 ambasciatore del duca all\u2019imperatore nei Paesi Bassi. Nel 1556 signore di Villarboit. Nel 1559 plenipotenziario a Cateau-Cambr\u00e9sis dove firma i trattati in rappresentanza\u2026","rel":"","context":"Articolo simile","img":{"alt_text":"","src":"","width":0,"height":0},"classes":[]},{"id":265,"url":"https:\/\/langosco.it\/?page_id=265","url_meta":{"origin":721,"position":3},"title":"Nota: Teofilo Teobaldo","date":"Novembre 2, 2015","format":false,"excerpt":"Teofilo Teobaldo Giuseppe Antonio. Nacque a Casale il 12 luglio 1752 [ ? l'ultima cifra non si legge bene] (sotto S. Evasio [come il padre] ). Dottore in leggi [sic] (laurea conseguita all'universit\u00e0 di Pavia a sedici anni [1768 ?] e confermata dall'universit\u00e0 di Torino nel 1770 [presumibilmente proprio in\u2026","rel":"","context":"Articolo simile","img":{"alt_text":"","src":"","width":0,"height":0},"classes":[]},{"id":591,"url":"https:\/\/langosco.it\/?page_id=591","url_meta":{"origin":721,"position":4},"title":"Nota: Alessandro (2)","date":"Gennaio 8, 2016","format":false,"excerpt":"Alessandro. Commendatore di Malta, chiamato il commendatore della Motta. Nel 1613 era colonnello di fanteria e fu ferito all\u2019assalto di Trino. Fu investito di parte della Motta in ricompensa dei suoi meriti nella difesa di Vercelli (occupazione spagnola 1638-1659). Mor\u00ec prima del 1644. Bibliografia 10 - pag. 5. \u00a0","rel":"","context":"Articolo simile","img":{"alt_text":"","src":"","width":0,"height":0},"classes":[]},{"id":240,"url":"https:\/\/langosco.it\/?page_id=240","url_meta":{"origin":721,"position":5},"title":"Nota: Margherita","date":"Ottobre 30, 2015","format":false,"excerpt":"Margherita: figlia di Guido Emanuele. (Bibliografia 10 - pag.1.) Fu allevata alla corte dei duchi di Savoia ove la madre era dama. Essa fu dapprima dama di Margherita di Savoia, vedova di Francesco Gonzaga, duca di Mantova, e rimase a Torino fino al 1627, recandosi poi \u00e0 Milano con la\u2026","rel":"","context":"Articolo simile","img":{"alt_text":"","src":"","width":0,"height":0},"classes":[]}],"_links":{"self":[{"href":"https:\/\/langosco.it\/index.php?rest_route=\/wp\/v2\/pages\/721","targetHints":{"allow":["GET"]}}],"collection":[{"href":"https:\/\/langosco.it\/index.php?rest_route=\/wp\/v2\/pages"}],"about":[{"href":"https:\/\/langosco.it\/index.php?rest_route=\/wp\/v2\/types\/page"}],"author":[{"embeddable":true,"href":"https:\/\/langosco.it\/index.php?rest_route=\/wp\/v2\/users\/1"}],"replies":[{"embeddable":true,"href":"https:\/\/langosco.it\/index.php?rest_route=%2Fwp%2Fv2%2Fcomments&post=721"}],"version-history":[{"count":21,"href":"https:\/\/langosco.it\/index.php?rest_route=\/wp\/v2\/pages\/721\/revisions"}],"predecessor-version":[{"id":1066,"href":"https:\/\/langosco.it\/index.php?rest_route=\/wp\/v2\/pages\/721\/revisions\/1066"}],"up":[{"embeddable":true,"href":"https:\/\/langosco.it\/index.php?rest_route=\/wp\/v2\/pages\/97"}],"wp:featuredmedia":[{"embeddable":true,"href":"https:\/\/langosco.it\/index.php?rest_route=\/wp\/v2\/media\/832"}],"wp:attachment":[{"href":"https:\/\/langosco.it\/index.php?rest_route=%2Fwp%2Fv2%2Fmedia&parent=721"}],"curies":[{"name":"wp","href":"https:\/\/api.w.org\/{rel}","templated":true}]}}