{"id":588,"date":"2016-01-08T00:53:42","date_gmt":"2016-01-07T23:53:42","guid":{"rendered":"http:\/\/langosco.it\/?page_id=588"},"modified":"2020-06-21T19:39:14","modified_gmt":"2020-06-21T17:39:14","slug":"note-alfonso","status":"publish","type":"page","link":"https:\/\/langosco.it\/?page_id=588","title":{"rendered":"Nota: Alfonso"},"content":{"rendered":"<p><strong><a href=\"https:\/\/www.treccani.it\/enciclopedia\/la-motta-alfonso-langosco-conte-de_%28Dizionario-Biografico%29\/\" target=\"_blank\" rel=\"noopener noreferrer\">Alfonso<\/a><\/strong>. Nel 1585 referendario a Torino, poi consigliere di stato, maggiordomo dell\u2019Infante Caterina, governatore di Mondov\u00ec, dal 1598 al 1611 ambasciatore a Madrid, nel 1611 cavaliere di San Jago.<\/p>\n<p>Bibliografia 10 &#8211; pag. 5<\/p>\n<p style=\"text-align: center;\">&#8212;&#8211; <img loading=\"lazy\" decoding=\"async\" data-attachment-id=\"69\" data-permalink=\"https:\/\/langosco.it\/?attachment_id=69\" data-orig-file=\"https:\/\/i0.wp.com\/langosco.it\/wp-content\/uploads\/2015\/10\/stemma-langosco-di1-thumb.png?fit=105%2C120&amp;ssl=1\" data-orig-size=\"105,120\" data-comments-opened=\"1\" data-image-meta=\"{&quot;aperture&quot;:&quot;0&quot;,&quot;credit&quot;:&quot;&quot;,&quot;camera&quot;:&quot;&quot;,&quot;caption&quot;:&quot;&quot;,&quot;created_timestamp&quot;:&quot;0&quot;,&quot;copyright&quot;:&quot;&quot;,&quot;focal_length&quot;:&quot;0&quot;,&quot;iso&quot;:&quot;0&quot;,&quot;shutter_speed&quot;:&quot;0&quot;,&quot;title&quot;:&quot;&quot;,&quot;orientation&quot;:&quot;0&quot;}\" data-image-title=\"stemma-langosco-di1-thumb\" data-image-description=\"\" data-image-caption=\"\" data-medium-file=\"https:\/\/i0.wp.com\/langosco.it\/wp-content\/uploads\/2015\/10\/stemma-langosco-di1-thumb.png?fit=105%2C120&amp;ssl=1\" data-large-file=\"https:\/\/i0.wp.com\/langosco.it\/wp-content\/uploads\/2015\/10\/stemma-langosco-di1-thumb.png?fit=105%2C120&amp;ssl=1\" class=\"alignnone wp-image-69\" src=\"https:\/\/i0.wp.com\/langosco.it\/wp-content\/uploads\/2015\/10\/stemma-langosco-di1-thumb.png?resize=10%2C11&#038;ssl=1\" alt=\"stemma-langosco-di1-thumb\" width=\"10\" height=\"11\"  data-recalc-dims=\"1\"> &#8212;&#8211;<\/p>\n<h4 class=\"section\">da Treccani: Dizionario Biografico degli Italiani &#8211; Volume 63 (2004)<\/h4>\n<p>di <b>Andrea Merlotti<\/b><\/p>\n<p><strong>LA MOTTA<\/strong>, <span class=\"sc\">Alfonso Langosco <\/span>conte de. &#8211; Figlio di Annibale (morto dopo il 1572) e Barbara Ajazza, nacque, probabilmente a Vercelli, intorno al 1545.<\/p>\n<p>I La Motta erano una delle pi\u00f9 antiche famiglie della nobilt\u00e0 vercellese. Il padre del L., avvocato fiscale nel 1550, era un cadetto, ma nel 1551 il duca Carlo II &#8211; che all&#8217;epoca aveva trasferito la sua residenza a Vercelli in seguito all&#8217;occupazione francese di Torino e di gran parte del suo Stato &#8211; gli concesse il titolo di conte, in base ad alcuni punti di giurisdizione sul feudo di Motta dei Conti, dal XIII secolo appartenente ai Langosco di La Motta.<\/p>\n<p>Le prime notizie sul L. datano dal 1581, quando il duca di Savoia Carlo Emanuele I lo nomin\u00f2 referendario di Vercelli: era il primo passo di una carriera destinata a durare per oltre un trentennio.<\/p>\n<p>Quando, nel 1585, spos\u00f2 l&#8217;infanta Caterina d&#8217;Asburgo, figlia di Filippo II di Spagna, Carlo Emanuele I decise di creare intorno a lei una corte, che in breve divenne un autentico luogo di potere nella capitale sabauda. Lo stretto rapporto che univa quella corte al governo di Madrid era garantito dall&#8217;ambasciatore spagnolo, Paolo Sfondrato, cui il duca concesse la carica di maggiordomo maggiore (passata dal 1587 al marchese Carlo Pallavicino e successivamente a Jos\u00e9 V\u00e1zquez de Acu\u00f1a). Dal maggiordomo maggiore dipendevano tre maggiordomi, scelti tra gli esponenti pi\u00f9 in vista della fazione filospagnola della nobilt\u00e0 piemontese. Fra essi fu anche il L., che si afferm\u00f2 presto come uno dei punti di riferimento della corte.<\/p>\n<p>Il ruolo del L. accanto alla duchessa Caterina costitu\u00ec una posizione da cui esercitare compiti politici sempre pi\u00f9 rilevanti. Nel 1587 il L. si trovava nelle Fiandre al seguito del duca di Parma Alessandro Farnese, governatore della provincia spagnola. Nel gennaio del 1588 Carlo Emanuele I, inviando come proprio ambasciatore presso il duca di Parma il conte veronese Vinciguerra di San Bonifacio, lo incaricava di chiedere a Farnese il ritorno del L. e di Giovan Battista Piatta &#8220;desiderando noi&#8221;, scriveva il duca, &#8220;che vedano et riconoscano le nostre fortezze, artiliarie et munizioni et che ci diano loro parere di quello che giudicaranno gli manchi, per potergli provvedere, havendo noi gran confidenza nel valore et intelligenza loro&#8221; (Arch. di Stato di Torino, <em>Corte<\/em>, <em>Negoziazioni, Spagna<\/em>, m. 1, f. 26: <em>Istruzioni del duca al conte Vinciguerra<\/em>). Subito dopo il rientro del L. in Piemonte, il 7 maggio 1588 il duca lo infeud\u00f2 di San Damiano di Vercelli, sottolineando nelle patenti di concessione come tale decisione rispondesse alla volont\u00e0 della duchessa che lo aveva &#8220;caramente richiesto&#8221;. Il L. riprese, quindi, il suo posto alla corte dell&#8217;infanta, la quale, in seguito alle frequenti assenze del duca, impegnato nelle campagne militari contro la Francia, agiva, d&#8217;intesa con il marito, come una vera e propria reggente. A conferma della crescente influenza del L., il 17 sett. 1590 il duca lo nomin\u00f2 consigliere di Stato con uno stipendio di poco superiore alle 1500 lire annue.<\/p>\n<p>Alla fine dell&#8217;agosto 1591 la duchessa lo cre\u00f2 governatore di Mondov\u00ec, dove egli si trattenne per circa quattro mesi, facendo ritorno a Torino nel gennaio del 1592. Il rientro nella capitale dalla breve ma impegnativa missione segn\u00f2 per il L. l&#8217;inizio di una nuova fase. Nel febbraio del 1592, infatti, il duca lo invi\u00f2 a Milano presso il governatore don Carlo d&#8217;Aragona perch\u00e9 sollecitasse il suo intervento in aiuto delle truppe sabaude impegnate contro quelle del duca di Lesdigui\u00e8res.<\/p>\n<p>Tornato a Torino, in giugno il L. fu inviato a Madrid per rendere conto della situazione militare e, soprattutto, per ottenere a favore del duca il comando dell&#8217;armata sabaudo-spagnola. Da allora il L. si trattenne come ambasciatore in Spagna per quasi otto anni, alternando al soggiorno presso le corti di Filippo II e di Filippo III frequenti ritorni in patria. L&#8217;ingresso nell&#8217;Ordine di Santiago costitu\u00ec un segno ulteriore del suo legame con la causa spagnola. Durante la sua ambasciata in Spagna, referente del L. continuava a essere la duchessa Caterina. Alla morte di questa (la notte fra il 6 e il 7 nov. 1597) il L. fece ritorno a Torino. Nell&#8217;anno successivo si trattenne in Piemonte, partecipando alle riunioni del Consiglio di Stato &#8211; che governava il paese per l&#8217;assenza del duca impegnato al fronte &#8211; e occupandosi della riorganizzazione delle corti dei principi e delle principesse. Lo scoppio della peste obblig\u00f2 il L. ad affrettare tale opera, poich\u00e9 era necessario che le due corti lasciassero quanto prima la capitale. In agosto, trasferite a Fossano, furono profondamente ridisegnate. Molti degli spagnoli giunti in Piemonte con la duchessa per il servizio presso la sua corte erano partiti, ma la continuit\u00e0 fu comunque garantita dalla presenza dei principali nobili piemontesi filospagnoli che erano stati il nerbo della corte di Caterina. Fra loro era anche il L., che si divise tra Fossano e Mondov\u00ec, dove avevano trovato rifugio i principi, e la capitale, dove aveva acquistato una &#8220;vigna&#8221; in collina, vicina al Monte dei cappuccini.<\/p>\n<p>Nel dicembre del 1598 il L. faceva ritorno in Spagna, inviato da Carlo Emanuele per trattare con il nuovo sovrano, Filippo III, l&#8217;intervento spagnolo nella campagna per la conquista del Marchesato di Saluzzo, rimasta irrisolta dopo la pace di Vervins (maggio 1598). Rientrato in Piemonte nel giugno 1599, il L. fu nominato da Carlo Emanuele aio dei principi, incarico per il quale era stato determinante l&#8217;aiuto del duca di Lerma F. Gom\u00e9z de Sandoval y Rojas, il potente ministro di Filippo III (Arch. di Stato di Torino, <em>Lettere di particolari<\/em>, &#8220;M&#8221;, 76: il L. a Filippo III, 8 sett. 1600).<\/p>\n<p>La carriera del L. alla corte sabauda prosegu\u00ec sino alla notte del 22 marzo 1605, quando fu arrestato su ordine del duca. Le ragioni di tale provvedimento non sono chiare, anche se probabilmente sono da legarsi al progressivo allontanamento del duca dall&#8217;alleanza con la Spagna. Il riavvicinamento politico alla Francia di Enrico IV fu accompagnato dall&#8217;allontanamento dalla corte, nel volgere di pochi anni, di tutti i principali esponenti della fazione filospagnola. Il L. rest\u00f2 in carcere per tre anni, sino all&#8217;aprile del 1608, quando il duca lo liber\u00f2, confinandolo nel feudo di San Damiano. Qui, provato dalla prigionia, il L. mor\u00ec nel settembre del 1608.<\/p>\n<p>Il L. aveva sposato dapprima Isabella Cagnoli, morta nel 1570 circa, e quindi, nel 1574, Saveria Vialardi di Villanova, entrambe provenienti dalla nobilt\u00e0 vercellese. Suoi eredi furono Girolamo e Alessandro (morto nel 1644), cavaliere di Malta e colonnello della fanteria sabauda.<\/p>\n<p><span class=\"sc\">Fonti e Bibl<\/span>.: Arch. di Stato di Torino, <em>Corte<\/em>, <em>Materie politiche per rapporto all&#8217;estero<\/em>, <em>Lettere ministri<\/em>, <em>Spagna<\/em>, mm. 5-10; <em>Negoziazioni, Spagna<\/em>, m. 1, ff. 40, 42, 49, 63; <em>Materie politiche per rapporto all&#8217;interno<\/em>, <em>Lettere di particolari<\/em>, &#8220;L&#8221;, m. 3; &#8220;M&#8221;, m. 76; <em>Paesi<\/em>, <em>Monaco e La Turbie<\/em>, m. 10, f. 59; <em>Mondov\u00ec<\/em>, m. 2, f. 7; <em>Torino<\/em>, m. 13, f. 16; <em>Paesi per A e B<\/em>, &#8220;S&#8221;, m. 3: <em>San Damiano<\/em>, ff. 1, 4; m. 20: <em>Santhi\u00e0<\/em>, f. 2; <em>Patenti controllo finanze<\/em>, regg. 1588 in 1589, c. 3; 1590 in 1591, cc. 26, 70; 1591 in 1593, c. 258; 1593 in 1594, c. 280; 1594 in 1595, c. 153; 1599, c. 39; <em>Patenti Piemonte<\/em>, regg. 17, c. 4; 20, c. 107; <em>Cartas de Felipe II a sus hijas<\/em>, a cura di F. Bouza, Madrid 1998, pp. 188-190, 193, 198; G. Cambiano di Ruffia, <em>Memorabili dal 1542 al 1611<\/em>, in <em>Miscellanea di storia italiana<\/em>, s. 1, IX (1870), pp. 301, 310; E. Ricotti, <em>Storia della monarchia piemontese<\/em>, IV, Firenze 1861, pp. 9 ss.; G. Claretta, <em>Dell&#8217;Ordine Mauriziano nel primo secolo della sua fondazione e del suo grand&#8217;ammiraglio Andrea Provana di Lein\u00ec<\/em>, Torino 1890, <em>passim<\/em>; L.C. Bollea, <em>Assedio di Bricherasio dato da Carlo Emanuele I duca di Savoia (18 settembre &#8211; 23 sett. 1594)<\/em>, Torino 1906, pp. 33 s., 48, 54, 78, 80-83; P. Merlin, <em>Tra guerre e tornei. La corte sabauda nell&#8217;et\u00e0 di Carlo Emanuele I<\/em>, Torino 1991, pp. 105, 112; Id., <em>La corte di Carlo Emanuele I<\/em>, in <em>Storia di Torino<\/em>, III, <em>Dalla dominazione francese alla ricomposizione dello Stato (1536-1630)<\/em>, a cura di G. Ricuperati, Torino 1998, pp. 271, 274.<\/p>\n<p>&nbsp;<\/p>\n","protected":false},"excerpt":{"rendered":"<p>Alfonso. Nel 1585 referendario a Torino, poi consigliere di stato, maggiordomo dell\u2019Infante Caterina, governatore di Mondov\u00ec, dal 1598 al 1611 ambasciatore a Madrid, nel 1611 cavaliere di San Jago. Bibliografia 10 &#8211; pag. 5 &#8212;&#8211; &#8212;&#8211; da Treccani: Dizionario Biografico degli Italiani &#8211; Volume 63 (2004) di Andrea Merlotti LA MOTTA, Alfonso Langosco conte de. &#8211; Figlio di Annibale (morto dopo il 1572) e Barbara Ajazza, nacque, probabilmente a Vercelli,&hellip; <\/p>\n","protected":false},"author":1,"featured_media":0,"parent":0,"menu_order":0,"comment_status":"closed","ping_status":"closed","template":"layouts\/page-fullwidth.php","meta":{"jetpack_post_was_ever_published":false,"footnotes":""},"class_list":["post-588","page","type-page","status-publish","hentry"],"jetpack_sharing_enabled":true,"jetpack_shortlink":"https:\/\/wp.me\/P6ZQY0-9u","jetpack-related-posts":[{"id":558,"url":"https:\/\/langosco.it\/?page_id=558","url_meta":{"origin":588,"position":0},"title":"Sintesi Storica dal Sec. XV in poi &#8211; rami estinti","date":"Gennaio 7, 2016","format":false,"excerpt":"Tra le figure che successivamente si distinsero segnaler\u00f2 le seguenti: Signori di Stroppiana (1\u00b0 ramo) Giovan Tomaso. Fu il pi\u00f9 eminente personaggio di questa linea. Nel 1554 ambasciatore del duca all\u2019imperatore nei Paesi Bassi. Nel 1556 signore di Villarboit. Nel 1559 plenipotenziario a Cateau-Cambr\u00e9sis dove firma i trattati in rappresentanza\u2026","rel":"","context":"Articolo simile","img":{"alt_text":"","src":"","width":0,"height":0},"classes":[]},{"id":1331,"url":"https:\/\/langosco.it\/?page_id=1331","url_meta":{"origin":588,"position":1},"title":"XV century onward &#8211; extinct branches","date":"Marzo 25, 2016","format":false,"excerpt":"Tra le figure che successivamente si distinsero segnaler\u00f2 le seguenti: Signori di Stroppiana (1\u00b0 ramo) Giovan Tomaso. Fu il pi\u00f9 eminente personaggio di questa linea. Nel 1554 ambasciatore del duca all\u2019imperatore nei Paesi Bassi. Nel 1556 signore di Villarboit. Nel 1559 plenipotenziario a Cateau-Cambr\u00e9sis dove firma i trattati in rappresentanza\u2026","rel":"","context":"Articolo simile","img":{"alt_text":"","src":"","width":0,"height":0},"classes":[]},{"id":586,"url":"https:\/\/langosco.it\/?page_id=586","url_meta":{"origin":588,"position":2},"title":"Nota: Gerolamo n.1575","date":"Gennaio 8, 2016","format":false,"excerpt":"Gerolamo (da non confondere con il pro-zio Gerolamo, priore di Capua) Da Treccani: Dizionario Biografico degli Italiani - Volume 63 (2004) di Andrea Merlotti LA MOTTA, Girolamo Langosco conte de. - Figlio del conte Alfonso e di Saveria Vialardi di Villanova, nacque intorno al 1575. Ventenne, accompagn\u00f2 in Spagna il\u2026","rel":"","context":"Articolo simile","img":{"alt_text":"","src":"","width":0,"height":0},"classes":[]},{"id":232,"url":"https:\/\/langosco.it\/?page_id=232","url_meta":{"origin":588,"position":3},"title":"Nota: Guido Emanuele","date":"Ottobre 30, 2015","format":false,"excerpt":"Guido Emanuele (Bibliografia 10 \u2013 pag.1.). [Si accenna all\u2019esistenza di una sua biografia da cui son ricavate anche le notizie sui suoi fratelli.] Fu capitano generale delle caccie del ducato di Milano il 3 maggio 1587. Fu l\u2019ideatore e l\u2019iniziatore [altrove sembra che gi\u00e0 Filippone sul finire del 1200 avrebbe\u2026","rel":"","context":"Articolo simile","img":{"alt_text":"","src":"","width":0,"height":0},"classes":[]},{"id":238,"url":"https:\/\/langosco.it\/?page_id=238","url_meta":{"origin":588,"position":4},"title":"Nota: Carlo (i), Carlo (ii), e Filippo","date":"Ottobre 30, 2015","format":false,"excerpt":"Carlo primogenito, altro Carlo secondogenito e Filippo. Morti forse prima del padre [1623]\u00a0 non essendo nominati negli atti riguardanti il naviglio Langosco. [e Caterina risulta nominata?]\u00a0\u00a0 [I tre fratelli dovrebbero esser morti addirittura prima del 1611, anno del consegnamento di Langosco fatto senza citarli, dal padre e dal cugino Ottviano","rel":"","context":"Articolo simile","img":{"alt_text":"","src":"","width":0,"height":0},"classes":[]},{"id":591,"url":"https:\/\/langosco.it\/?page_id=591","url_meta":{"origin":588,"position":5},"title":"Nota: Alessandro (2)","date":"Gennaio 8, 2016","format":false,"excerpt":"Alessandro. Commendatore di Malta, chiamato il commendatore della Motta. Nel 1613 era colonnello di fanteria e fu ferito all\u2019assalto di Trino. Fu investito di parte della Motta in ricompensa dei suoi meriti nella difesa di Vercelli (occupazione spagnola 1638-1659). Mor\u00ec prima del 1644. Bibliografia 10 - pag. 5. \u00a0","rel":"","context":"Articolo simile","img":{"alt_text":"","src":"","width":0,"height":0},"classes":[]}],"_links":{"self":[{"href":"https:\/\/langosco.it\/index.php?rest_route=\/wp\/v2\/pages\/588","targetHints":{"allow":["GET"]}}],"collection":[{"href":"https:\/\/langosco.it\/index.php?rest_route=\/wp\/v2\/pages"}],"about":[{"href":"https:\/\/langosco.it\/index.php?rest_route=\/wp\/v2\/types\/page"}],"author":[{"embeddable":true,"href":"https:\/\/langosco.it\/index.php?rest_route=\/wp\/v2\/users\/1"}],"replies":[{"embeddable":true,"href":"https:\/\/langosco.it\/index.php?rest_route=%2Fwp%2Fv2%2Fcomments&post=588"}],"version-history":[{"count":4,"href":"https:\/\/langosco.it\/index.php?rest_route=\/wp\/v2\/pages\/588\/revisions"}],"predecessor-version":[{"id":2126,"href":"https:\/\/langosco.it\/index.php?rest_route=\/wp\/v2\/pages\/588\/revisions\/2126"}],"wp:attachment":[{"href":"https:\/\/langosco.it\/index.php?rest_route=%2Fwp%2Fv2%2Fmedia&parent=588"}],"curies":[{"name":"wp","href":"https:\/\/api.w.org\/{rel}","templated":true}]}}