{"id":586,"date":"2016-01-08T00:51:39","date_gmt":"2016-01-07T23:51:39","guid":{"rendered":"http:\/\/langosco.it\/?page_id=586"},"modified":"2020-06-22T20:42:53","modified_gmt":"2020-06-22T18:42:53","slug":"note-gerolamo","status":"publish","type":"page","link":"https:\/\/langosco.it\/?page_id=586","title":{"rendered":"Nota: Gerolamo n.1575"},"content":{"rendered":"<p class=\"section\"><strong><a href=\"https:\/\/www.treccani.it\/enciclopedia\/la-motta-girolamo-langosco-conte-de_%28Dizionario-Biografico%29\/\" target=\"_blank\" rel=\"noopener noreferrer\">Gerolamo<\/a><\/strong> (da non confondere con il pro-zio <a href=\"https:\/\/langosco.it\/?page_id=752\">Gerolamo<\/a>, priore di Capua)<\/p>\n<h4 class=\"section\">Da Treccani: Dizionario Biografico degli Italiani &#8211; Volume 63 (2004)<\/h4>\n<p>di <b>Andrea Merlotti<\/b><\/p>\n<p><strong>LA MOTTA<\/strong>, <span class=\"sc\">Girolamo Langosco <\/span>conte de. &#8211; Figlio del conte Alfonso e di Saveria Vialardi di Villanova, nacque intorno al 1575. Ventenne, accompagn\u00f2 in Spagna il padre, ambasciatore del duca Carlo Emanuele I. Nel 1598 fece ritorno in Spagna al seguito del marchese Filiberto d&#8217;Este, ambasciatore straordinario. La carriera del L. si svolse inizialmente all&#8217;ombra del padre e quando questi, nel 1605, fu incarcerato perch\u00e9 esponente di spicco del partito filospagnolo, il L. dovette lasciare la corte. La caduta di Alfonso non travolse, invece, lo zio (o prozio) del L., Girolamo, che, entrato nell&#8217;Ordine di Malta, si trovava allora in Sicilia.<\/p>\n<p>Il 4 giugno 1606 Carlo Emanuele I aveva concesso a fra Gerolamo patenti ducali per armare, sotto lo stendardo sabaudo, un vascello contro i Turchi. La morte di Enrico IV (1610) e la conseguente fine dell&#8217;alleanza antispagnola fra Torino e Parigi (tanto pi\u00f9 in seguito alla politica filospagnola decisa da Maria de&#8217; Medici, reggente in Francia per il piccolo Luigi XIII) indussero Carlo Emanuele I a mutare nuovamente indirizzo politico e a richiamare prontamente in servizio gli esponenti della fazione filospagnola, fra cui il La Motta.<\/p>\n<p>Il 27 giugno 1610 il L. fu nominato gentiluomo di camera del duca, senza che questi, nelle patenti, facesse alcun riferimento alla lunga carriera del padre Alfonso. Mentre fra Girolamo fu nominato generale dei galeoni sabaudi, nel settembre del 1610 Carlo Emanuele ordin\u00f2 al L. di recarsi a Madrid come ambasciatore straordinario per preparare l&#8217;arrivo in Spagna del principe terzogenito, Emanuele Filiberto, che aveva deciso d&#8217;intesa con il padre di trasferirsi in Spagna per passare al servizio del re Cattolico. Il L. doveva, nello stesso tempo, &#8220;gettare i primi discorsi&#8221; &#8211; come recitano le istruzioni del duca &#8211; &#8220;su le querele che da&#8217; ministri di Spagna&#8221; gli sarebbero state fatte &#8220;sia per il matrimonio del principe di Piemonte con Elisabetta di Francia sia su le intelligenze prese co&#8217; francesi a danno del Re Cattolico&#8221; (Arch. di Stato di Torino, <em>Corte<\/em>, <em>Negoziazioni, Spagna<\/em>, m. 2, f. 20: <em>Istruzione al conte della Motta<\/em>).<\/p>\n<p>In realt\u00e0 il matrimonio francese era allora poco pi\u00f9 che un progetto (Vittorio Amedeo avrebbe sposato non Elisabetta ma Maria Cristina solo nel 1618); si trattava di mostrare a Filippo III la buona intenzione e la volont\u00e0 collaborativa del duca. Non a caso, poco dopo il suo arrivo in Spagna, il L. fu raggiunto da nuove istruzioni, con le quali gli si ordinava di informare Filippo III dei disegni di matrimonio, rimasti sulla carta, fra il principe di Piemonte e la principessa Elisabeth Stuart, figlia di Giacomo I, e fra la principessa Caterina e il duca di Nemours. Rientrato dalla missione in Spagna, nel novembre 1612 il L. era a Torino, dove vendeva al generale delle finanze Cesare Cernusco della Chiusa la cascina della Cinzanotta per la somma di 4200 ducatoni da 13 fiorini l&#8217;uno. La somma sarebbe stata girata da Cernusco a Giulio Cesare Bocco &#8220;in estinzione del prezzo&#8221; che il L. doveva a questo per l&#8217;acquisto &#8220;del luogo giurisditione, banni campestri et altri beni, tanto feudali che allodiali, di Saluzzola&#8221;. Il 20 giugno 1613 Carlo Emanuele I compensava il L. infeudandolo di Carisio, piccolo centro nel Vercellese.<\/p>\n<p>L&#8217;infeudazione non era gratuita: il L. era tenuto a pagare 29.000 fiorini. Il favore del duca consisteva nel fatto che da tempo il L. ambiva a ottenere quell&#8217;infeudazione in contrasto con il Consiglio della Comunit\u00e0, che aveva comprato, per 800 fiorini, il diritto alla libert\u00e0. Nelle patenti d&#8217;infeudazione si faceva riferimento alla &#8220;memoria&#8221; non solo &#8220;della buona servit\u00f9 sua&#8221;, ma anche di quella &#8220;del conte suo padre&#8221;, Alfonso, morto nel 1608 dopo tre anni di prigionia. Al L., secondo le patenti, toccava anche rimborsare la Comunit\u00e0 della somma pagata.<\/p>\n<p>Il 28 febbr. 1614 il L. fu infine formalmente investito del feudo e ottenne il diritto di fare costruire la bealera (un canale) per portare l&#8217;acqua dal fiume Elvo al suo feudo di Saluzzola. Nello stesso tempo il L. acquist\u00f2 i diritti giurisdizionali sul feudo e sul castello di Carisio. A conferma del ritrovato favore del duca verso i Langosco della Motta, il 1\u00b0 ag. 1613 Carlo Emanuele I confer\u00ec una pensione anche a fra Girolamo, perch\u00e9 potesse continuare a esercitare il suo incarico di comandante dei galeoni sabaudi e nel 1614 il L. fu incaricato di una nuova missione diplomatica, questa volta a Genova, formalmente come ambasciatore per chiedere che la Repubblica non permettesse alle truppe imperiali il passaggio in territorio sabaudo. Si trattava tuttavia solo di un pretesto: il vero scopo della missione era incontrare segretamente il principe Emanuele Filiberto, di ritorno da Napoli, per riferirgli dell&#8217;andamento della guerra, cominciata &#8211; recitavano le istruzioni &#8211; &#8220;li sei del passato mese&#8221;, quando il governatore di Milano era entrato con le sue truppe in territorio sabaudo. Nel 1618 il L. affitt\u00f2 al capitano Giovan Battista Re &#8220;castello e beni&#8221; di San Damiano e di Carisio e i beni di Saluzzola.<\/p>\n<p>Il L. mor\u00ec il 18 dic. 1624.<\/p>\n<p>Dal matrimonio con Bianca Ceva, avvenuto nel 1615, non aveva avuto figli. Della sua eredit\u00e0 cerc\u00f2 di entrare in possesso il fratello minore Alessandro, un colonnello di fanteria segnalatosi in diversi scontri armati, ferito nel 1613 all&#8217;assedio di Trino e morto nel 1644. Nel 1629 Carlo Emanuele I lo infeud\u00f2 della Motta dei Conti, ma non gli volle riconoscere gli altri beni in virt\u00f9 del suo ruolo di cavaliere di Malta. Bianca Ceva spos\u00f2, il 28 dic. 1625, il conte Lodovico Cavoretto, gentiluomo di camera del duca e per molti anni suo favorito, che ottenne anche l&#8217;infeudazione di Saluzzola, eretta nel 1626 in marchesato. Cavoretto sembrava, quindi, destinato a ereditare i feudi e il ruolo del L., ma nel 1627 cadde in disgrazia. Il feudo di Saluzzola fu avocato e assegnato, con quello di Carisio, al principe Tommaso di Savoia principe di Carignano, come parte del suo ingente appannaggio.<\/p>\n<p><span class=\"sc\">Fonti e Bibl<\/span>.: Arch. di Stato di Torino, <em>Corte<\/em>, <em>Materie politiche per rapporto all&#8217;estero<\/em>, <em>Negoziazioni, Spagna<\/em>, m. 2, ff. 20, 23; <em>Lettere ministri<\/em>, <em>Spagna<\/em>, m. 14; <em>Materie politiche per rapporto all&#8217;interno<\/em>, <em>Cerimoniale<\/em>, <em>Principi del sangue e cariche di corte<\/em>, m. 1 di 1<sup>a<\/sup> add., f. 1; <em>Paesi<\/em>, <em>Biella<\/em>, m. 5: <em>Saluzzola<\/em>, ff. 5, 9-11; <em>Paesi per A e B<\/em>, &#8220;C&#8221;, m. 14, <em>Carisio<\/em>, ff. 4-12; &#8220;M&#8221;, m. 33, <em>Motta de&#8217; conti<\/em>, f. 3; &#8220;S&#8221;, m. 3, <em>Saluzzola<\/em>, ff. 7-8; &#8220;S&#8221;, m. 9, <em>San Damiano<\/em>, ff. 2-3; <em>Patenti controllo finanze<\/em>, regg. 1612 in 1614, cc. 52, 126; 1617 in 1618, 2\u00b0, c. 140; 1618 in 1619, c. 209; 1619, c. 170; 1619 in 1620, c. 124; 1620, c. 36; <em>Patenti Piemonte<\/em>, reg. 31, c. 259; E. Ricotti, <em>Storia della monarchia piemontese<\/em>, III, Firenze 1865, pp. 193 ss.<\/p>\n","protected":false},"excerpt":{"rendered":"<p>Gerolamo (da non confondere con il pro-zio Gerolamo, priore di Capua) Da Treccani: Dizionario Biografico degli Italiani &#8211; Volume 63 (2004) di Andrea Merlotti LA MOTTA, Girolamo Langosco conte de. &#8211; Figlio del conte Alfonso e di Saveria Vialardi di Villanova, nacque intorno al 1575. Ventenne, accompagn\u00f2 in Spagna il padre, ambasciatore del duca Carlo Emanuele I. Nel 1598 fece ritorno in Spagna al seguito del marchese Filiberto d&#8217;Este, ambasciatore&hellip; <\/p>\n","protected":false},"author":1,"featured_media":0,"parent":0,"menu_order":0,"comment_status":"closed","ping_status":"closed","template":"layouts\/page-fullwidth.php","meta":{"jetpack_post_was_ever_published":false,"footnotes":""},"class_list":["post-586","page","type-page","status-publish","hentry"],"jetpack_sharing_enabled":true,"jetpack_shortlink":"https:\/\/wp.me\/P6ZQY0-9s","jetpack-related-posts":[{"id":558,"url":"https:\/\/langosco.it\/?page_id=558","url_meta":{"origin":586,"position":0},"title":"Sintesi Storica dal Sec. XV in poi &#8211; rami estinti","date":"Gennaio 7, 2016","format":false,"excerpt":"Tra le figure che successivamente si distinsero segnaler\u00f2 le seguenti: Signori di Stroppiana (1\u00b0 ramo) Giovan Tomaso. Fu il pi\u00f9 eminente personaggio di questa linea. Nel 1554 ambasciatore del duca all\u2019imperatore nei Paesi Bassi. Nel 1556 signore di Villarboit. Nel 1559 plenipotenziario a Cateau-Cambr\u00e9sis dove firma i trattati in rappresentanza\u2026","rel":"","context":"Articolo simile","img":{"alt_text":"","src":"","width":0,"height":0},"classes":[]},{"id":1331,"url":"https:\/\/langosco.it\/?page_id=1331","url_meta":{"origin":586,"position":1},"title":"XV century onward &#8211; extinct branches","date":"Marzo 25, 2016","format":false,"excerpt":"Tra le figure che successivamente si distinsero segnaler\u00f2 le seguenti: Signori di Stroppiana (1\u00b0 ramo) Giovan Tomaso. Fu il pi\u00f9 eminente personaggio di questa linea. Nel 1554 ambasciatore del duca all\u2019imperatore nei Paesi Bassi. Nel 1556 signore di Villarboit. Nel 1559 plenipotenziario a Cateau-Cambr\u00e9sis dove firma i trattati in rappresentanza\u2026","rel":"","context":"Articolo simile","img":{"alt_text":"","src":"","width":0,"height":0},"classes":[]},{"id":588,"url":"https:\/\/langosco.it\/?page_id=588","url_meta":{"origin":586,"position":2},"title":"Nota: Alfonso","date":"Gennaio 8, 2016","format":false,"excerpt":"Alfonso. Nel 1585 referendario a Torino, poi consigliere di stato, maggiordomo dell\u2019Infante Caterina, governatore di Mondov\u00ec, dal 1598 al 1611 ambasciatore a Madrid, nel 1611 cavaliere di San Jago. Bibliografia 10 - pag. 5 ----- ----- da Treccani: Dizionario Biografico degli Italiani - Volume 63 (2004) di Andrea Merlotti LA\u2026","rel":"","context":"Articolo simile","img":{"alt_text":"","src":"","width":0,"height":0},"classes":[]},{"id":752,"url":"https:\/\/langosco.it\/?page_id=752","url_meta":{"origin":586,"position":3},"title":"Nota: Gerolamo priore di Capua","date":"Gennaio 11, 2016","format":false,"excerpt":"Gerolamo:\u00a0 Cavaliere di Malta e nel 1571 priore di Capua. Bibliografia 10 - pag. 5. (da non confondere con suo pro-nipote Gerolamo)","rel":"","context":"Articolo simile","img":{"alt_text":"","src":"","width":0,"height":0},"classes":[]},{"id":788,"url":"https:\/\/langosco.it\/?page_id=788","url_meta":{"origin":586,"position":4},"title":"Nota: Giovan Tommaso","date":"Gennaio 11, 2016","format":false,"excerpt":"Giovan Tomaso. (Bibliografia 10 - pag. 4.) Fu il pi\u00f9 eminente personaggio di questa linea: Sposa: (a) nel 1523 Delia Roero-Sanseverino, (da questo primo matrimonio nasce Beatrice) e (b) Antonia di Montafia, figlia di Giorgio e di Bianca Orsina Visconti (da questo secondo matrimonio nascono: Carlo Emanuele, Lodovica e Margherita).\u2026","rel":"","context":"Articolo simile","img":{"alt_text":"","src":"","width":0,"height":0},"classes":[]},{"id":781,"url":"https:\/\/langosco.it\/?page_id=781","url_meta":{"origin":586,"position":5},"title":"Nota: Beatrice","date":"Gennaio 11, 2016","format":false,"excerpt":"Beatrice. Vedova in prime nozze, divenne amante del duca Emanuele Filiberto di Savoia, da cui ebbe tre figli naturali da lui legittimati: Ottone (morto in tenera et\u00e0), Matilde, e Beatrice. (Bibliografia 10 - pag. 4.) ----- ----- da Treccani: Dizionario Biografico degli Italiani - Volume 63 (2004) di Alice Raviola\u2026","rel":"","context":"Articolo simile","img":{"alt_text":"","src":"","width":0,"height":0},"classes":[]}],"_links":{"self":[{"href":"https:\/\/langosco.it\/index.php?rest_route=\/wp\/v2\/pages\/586","targetHints":{"allow":["GET"]}}],"collection":[{"href":"https:\/\/langosco.it\/index.php?rest_route=\/wp\/v2\/pages"}],"about":[{"href":"https:\/\/langosco.it\/index.php?rest_route=\/wp\/v2\/types\/page"}],"author":[{"embeddable":true,"href":"https:\/\/langosco.it\/index.php?rest_route=\/wp\/v2\/users\/1"}],"replies":[{"embeddable":true,"href":"https:\/\/langosco.it\/index.php?rest_route=%2Fwp%2Fv2%2Fcomments&post=586"}],"version-history":[{"count":12,"href":"https:\/\/langosco.it\/index.php?rest_route=\/wp\/v2\/pages\/586\/revisions"}],"predecessor-version":[{"id":2143,"href":"https:\/\/langosco.it\/index.php?rest_route=\/wp\/v2\/pages\/586\/revisions\/2143"}],"wp:attachment":[{"href":"https:\/\/langosco.it\/index.php?rest_route=%2Fwp%2Fv2%2Fmedia&parent=586"}],"curies":[{"name":"wp","href":"https:\/\/api.w.org\/{rel}","templated":true}]}}