{"id":558,"date":"2016-01-07T23:57:20","date_gmt":"2016-01-07T22:57:20","guid":{"rendered":"http:\/\/langosco.it\/?page_id=558"},"modified":"2016-01-14T15:42:02","modified_gmt":"2016-01-14T14:42:02","slug":"sintesi-storica-parte-2","status":"publish","type":"page","link":"https:\/\/langosco.it\/?page_id=558","title":{"rendered":"Sintesi Storica dal Sec. XV in poi &#8211; rami estinti"},"content":{"rendered":"<p>Tra le figure che successivamente si distinsero segnaler\u00f2 le seguenti:<\/p>\n<h3>Signori di Stroppiana (1\u00b0 ramo)<\/h3>\n<p><strong><a href=\"http:\/\/langosco.it\/?page_id=788\">Giovan Tomaso<\/a><\/strong>. Fu il pi\u00f9 eminente personaggio di questa linea. Nel 1554 ambasciatore del duca all\u2019imperatore nei Paesi Bassi. Nel 1556 signore di Villarboit. Nel 1559 plenipotenziario a Cateau-Cambr\u00e9sis dove firma i trattati in rappresentanza di Emanuele Filiberto. Nel 1568 gran cancelliere degli stati di casa Savoia. Mor\u00ec a Torino il 18 maggio 1575.<\/p>\n<p><strong><a href=\"http:\/\/langosco.it\/?page_id=781\">Beatrice<\/a><\/strong>. Amante del duca Emanuele Filiberto di Savoia, da cui ebbe tre figli naturali da lui legittimati.<\/p>\n<h3>Signori di Stroppiana (2\u00b0 ramo), poi signori di Motta dei Conti<\/h3>\n<p><strong><a href=\"http:\/\/langosco.it\/?page_id=599\">Jacopo Languschi<\/a><\/strong> (ca. 1385 &#8211; + ca.1470) Letterato e politico nato a Venezia.<\/p>\n<p><strong><a href=\"http:\/\/langosco.it\/?page_id=584\">Giov. Francesco<\/a><\/strong>. (ca. 1500 &#8211; + ca.1580) Cavaliere di Malta; lott\u00f2 contro la pirateria lungo le coste d&#8217;Italia.<\/p>\n<p><strong><a href=\"http:\/\/langosco.it\/?page_id=752\">Gerolamo<\/a><\/strong>. Cavaliere di Malta e nel 1571 priore di Capua.<\/p>\n<p><strong><a href=\"http:\/\/langosco.it\/?page_id=588\">Alfonso<\/a><\/strong>. Nel 1585 referendario a Torino, maggiordomo dell\u2019Infante Caterina, dal 1598 al 1611 ambasciatore a Madrid.<\/p>\n<p><strong><a href=\"http:\/\/langosco.it\/?page_id=591\">Alessandro<\/a><\/strong>. Commendatore di Malta<u><\/u>. Fu investito di parte della Motta in ricompensa dei suoi meriti nella difesa di Vercelli (occupazione spagnola 1638-1659). Mor\u00ec prima del 1644<\/p>\n<h3>Langosco di Langosco (Ramo del naviglio)<\/h3>\n<p><strong><a href=\"http:\/\/langosco.it\/?page_id=253\">Ottaviano<\/a><\/strong>. Letterato e accademico di Pavia (1538) (Bibliografia 10 &#8211; pag.1.)<\/p>\n<p><strong>Marco Antonio<\/strong> (ii). Cavaliere di Malta nel 1572 (Bibliografia 10 &#8211; pag.1.).<\/p>\n<p><strong><a href=\"http:\/\/langosco.it\/?page_id=232\">Guido Emanuele<\/a><\/strong>. Capitano generale delle caccie del ducato di Milano. <em>Costruttore del naviglio Langosco.<\/em><\/p>\n<p><strong><a href=\"http:\/\/langosco.it\/?page_id=240\">Margherita<\/a><\/strong>. La propriet\u00e0 del naviglio Langosco pass\u00f2 per lei alla famiglia del marito. Mor\u00ec nel 1632.<\/p>\n<h3>Langosco &#8211; S. Giorgio, consignori, poi marchesi di Ticineto (Ticinetto)<\/h3>\n<p><strong>Camillo<\/strong>. Fu generale delle milizie, poi generale d\u2019artiglieria, e nel 1650 ambasciatore del duca Carlo <em>[?]<\/em> al Papa Alessandro VII. Fu ucciso a Pavia <em>[?]<\/em>; prima del 1653. (Bibliografia 10 &#8211; pag. 5.)<\/p>\n<p><strong>Carlo. <\/strong>Nel 1648 priore di San Michele e nel 1652 governatore del castello di Casale con potere assoluto. Fu cavaliere del Redentore e consigliere di stato. Mor\u00ec nel 1664. (Bibliografia 10 &#8211; pag. 5.)<\/p>\n<p style=\"text-align: center;\"><div class=\"su-row\"><div class=\"su-column su-column-size-1-2\"><div class=\"su-column-inner su-u-clearfix su-u-trim\">\n<p style=\"text-align: left;\">Precede:<\/p>\n<p style=\"text-align: left;\"><a href=\"http:\/\/langosco.it\/?page_id=329\">Primi secoli<\/a><\/p>\n<p style=\"text-align: left;\"><a href=\"http:\/\/langosco.it\/?page_id=564\">Sec. XI e XIV<\/a><\/p>\n<p style=\"text-align: center;\"><\/div><\/div><div class=\"su-column su-column-size-1-2\"><div class=\"su-column-inner su-u-clearfix su-u-trim\">\n<p style=\"text-align: right;\">Segue:<\/p>\n<p style=\"text-align: right;\"><a href=\"http:\/\/langosco.it\/?page_id=721\">Sec. XV in poi: il ramo principale<\/a><\/p>\n<p style=\"text-align: center;\"><\/div><\/div><\/div>\n<p>&nbsp;<\/p>\n<p>&nbsp;<\/p>\n","protected":false},"excerpt":{"rendered":"<p>Tra le figure che successivamente si distinsero segnaler\u00f2 le seguenti: Signori di Stroppiana (1\u00b0 ramo) Giovan Tomaso. Fu il pi\u00f9 eminente personaggio di questa linea. Nel 1554 ambasciatore del duca all\u2019imperatore nei Paesi Bassi. Nel 1556 signore di Villarboit. Nel 1559 plenipotenziario a Cateau-Cambr\u00e9sis dove firma i trattati in rappresentanza di Emanuele Filiberto. Nel 1568 gran cancelliere degli stati di casa Savoia. Mor\u00ec a Torino il 18 maggio 1575. Beatrice.&hellip; <\/p>\n","protected":false},"author":1,"featured_media":0,"parent":97,"menu_order":0,"comment_status":"closed","ping_status":"closed","template":"layouts\/page-fullwidth.php","meta":{"jetpack_post_was_ever_published":false,"footnotes":""},"class_list":["post-558","page","type-page","status-publish","hentry"],"jetpack_sharing_enabled":true,"jetpack_shortlink":"https:\/\/wp.me\/P6ZQY0-90","jetpack-related-posts":[{"id":1331,"url":"https:\/\/langosco.it\/?page_id=1331","url_meta":{"origin":558,"position":0},"title":"XV century onward &#8211; extinct branches","date":"Marzo 25, 2016","format":false,"excerpt":"Tra le figure che successivamente si distinsero segnaler\u00f2 le seguenti: Signori di Stroppiana (1\u00b0 ramo) Giovan Tomaso. Fu il pi\u00f9 eminente personaggio di questa linea. Nel 1554 ambasciatore del duca all\u2019imperatore nei Paesi Bassi. Nel 1556 signore di Villarboit. Nel 1559 plenipotenziario a Cateau-Cambr\u00e9sis dove firma i trattati in rappresentanza\u2026","rel":"","context":"Articolo simile","img":{"alt_text":"","src":"","width":0,"height":0},"classes":[]},{"id":788,"url":"https:\/\/langosco.it\/?page_id=788","url_meta":{"origin":558,"position":1},"title":"Nota: Giovan Tommaso","date":"Gennaio 11, 2016","format":false,"excerpt":"Giovan Tomaso. (Bibliografia 10 - pag. 4.) Fu il pi\u00f9 eminente personaggio di questa linea: Sposa: (a) nel 1523 Delia Roero-Sanseverino, (da questo primo matrimonio nasce Beatrice) e (b) Antonia di Montafia, figlia di Giorgio e di Bianca Orsina Visconti (da questo secondo matrimonio nascono: Carlo Emanuele, Lodovica e Margherita).\u2026","rel":"","context":"Articolo simile","img":{"alt_text":"","src":"","width":0,"height":0},"classes":[]},{"id":263,"url":"https:\/\/langosco.it\/?page_id=263","url_meta":{"origin":558,"position":2},"title":"Nota: 3 sorelle","date":"Novembre 2, 2015","format":false,"excerpt":"Margherita Cornelia. Nata il 14 settembre 1712. Monaca della Visitazione a Vercelli (1729) [a 17 anni]. Bona Gabriella. Monaca della Visitazione a Vercelli (1733). [nata nel 1716 ?] Giovanna Maria Cristina. Monaca della Visitazione a Vercelli (1735). [nata nel 1718 ?] Tre sorelle tutte monache nello stesso convento. Un monastero\u2026","rel":"","context":"Articolo simile","img":{"alt_text":"","src":"","width":0,"height":0},"classes":[]},{"id":781,"url":"https:\/\/langosco.it\/?page_id=781","url_meta":{"origin":558,"position":3},"title":"Nota: Beatrice","date":"Gennaio 11, 2016","format":false,"excerpt":"Beatrice. Vedova in prime nozze, divenne amante del duca Emanuele Filiberto di Savoia, da cui ebbe tre figli naturali da lui legittimati: Ottone (morto in tenera et\u00e0), Matilde, e Beatrice. (Bibliografia 10 - pag. 4.) ----- ----- da Treccani: Dizionario Biografico degli Italiani - Volume 63 (2004) di Alice Raviola\u2026","rel":"","context":"Articolo simile","img":{"alt_text":"","src":"","width":0,"height":0},"classes":[]},{"id":586,"url":"https:\/\/langosco.it\/?page_id=586","url_meta":{"origin":558,"position":4},"title":"Nota: Gerolamo n.1575","date":"Gennaio 8, 2016","format":false,"excerpt":"Gerolamo (da non confondere con il pro-zio Gerolamo, priore di Capua) Da Treccani: Dizionario Biografico degli Italiani - Volume 63 (2004) di Andrea Merlotti LA MOTTA, Girolamo Langosco conte de. - Figlio del conte Alfonso e di Saveria Vialardi di Villanova, nacque intorno al 1575. Ventenne, accompagn\u00f2 in Spagna il\u2026","rel":"","context":"Articolo simile","img":{"alt_text":"","src":"","width":0,"height":0},"classes":[]},{"id":253,"url":"https:\/\/langosco.it\/?page_id=253","url_meta":{"origin":558,"position":5},"title":"Nota: Ottaviano","date":"Ottobre 30, 2015","format":false,"excerpt":"Ottaviano. Nel 1581 con Giacomo Natta, signore d\u2019Alfiano, suo cognato (marito di Porzia Dalla Valle, sorella di Virginia), fu uno dei testimoni alle nozze del duca Vincenzo Gonzaga con Margherita Farnese. Nel 1590 fu consigliere di stato. Nel 1594 e nel 1600 fu commissario generale del duca [quale?]. Nel 1602\u2026","rel":"","context":"Articolo simile","img":{"alt_text":"","src":"","width":0,"height":0},"classes":[]}],"_links":{"self":[{"href":"https:\/\/langosco.it\/index.php?rest_route=\/wp\/v2\/pages\/558","targetHints":{"allow":["GET"]}}],"collection":[{"href":"https:\/\/langosco.it\/index.php?rest_route=\/wp\/v2\/pages"}],"about":[{"href":"https:\/\/langosco.it\/index.php?rest_route=\/wp\/v2\/types\/page"}],"author":[{"embeddable":true,"href":"https:\/\/langosco.it\/index.php?rest_route=\/wp\/v2\/users\/1"}],"replies":[{"embeddable":true,"href":"https:\/\/langosco.it\/index.php?rest_route=%2Fwp%2Fv2%2Fcomments&post=558"}],"version-history":[{"count":43,"href":"https:\/\/langosco.it\/index.php?rest_route=\/wp\/v2\/pages\/558\/revisions"}],"predecessor-version":[{"id":1067,"href":"https:\/\/langosco.it\/index.php?rest_route=\/wp\/v2\/pages\/558\/revisions\/1067"}],"up":[{"embeddable":true,"href":"https:\/\/langosco.it\/index.php?rest_route=\/wp\/v2\/pages\/97"}],"wp:attachment":[{"href":"https:\/\/langosco.it\/index.php?rest_route=%2Fwp%2Fv2%2Fmedia&parent=558"}],"curies":[{"name":"wp","href":"https:\/\/api.w.org\/{rel}","templated":true}]}}