{"id":1146,"date":"2016-01-15T20:18:12","date_gmt":"2016-01-15T19:18:12","guid":{"rendered":"http:\/\/langosco.it\/?page_id=1146"},"modified":"2016-02-04T15:53:16","modified_gmt":"2016-02-04T14:53:16","slug":"cookie-policy","status":"publish","type":"page","link":"https:\/\/langosco.it\/?page_id=1146","title":{"rendered":"Cookie Policy"},"content":{"rendered":"<p>Questo sito\u00a0utilizza i cookies &#8211; piccoli file di testo che vengono salvati nel tuo computer al fine di offrire un servizio migliore agli utenti. Se vuoi disattivare i cookies il modo migliore \u00e8 <a href=\"https:\/\/it.wikipedia.org\/wiki\/Cookie#Eliminazione\" target=\"_blank\">disattivandoli direttamente nel tuo browser<\/a>. Per maggiori informazioni sui cookies accedi a <a href=\"https:\/\/it.wikipedia.org\/wiki\/Cookie\" target=\"_blank\">Wikipedia<\/a> (in italiano) oppure a <a href=\"http:\/\/www.aboutcookies.org\">the About Cookies website<\/a> (in inglese).<\/p>\n<p>Proseguendo la navigazione sul sito o chiudendo il banner o il pop-up, acconsenti all\u2019uso dei cookies.<\/p>\n<hr \/>\n<p>This site uses cookies &#8211; small text files that are placed on your machine to help the site provide a better user experience. In general, cookies are used to retain user preferences, store information for things like shopping carts, and provide anonymised tracking data to third party applications like Google Analytics. As a rule, cookies will make your browsing experience better. However, you may prefer to disable cookies on this site and on others. The most effective way to do this is to disable cookies in your browser. We suggest consulting the Help section of your browser or taking a look at <a href=\"http:\/\/www.aboutcookies.org\">the About Cookies website<\/a> which offers guidance for all modern browsers<\/p>\n","protected":false},"excerpt":{"rendered":"<p>Questo sito\u00a0utilizza i cookies &#8211; piccoli file di testo che vengono salvati nel tuo computer al fine di offrire un servizio migliore agli utenti. Se vuoi disattivare i cookies il modo migliore \u00e8 disattivandoli direttamente nel tuo browser. Per maggiori informazioni sui cookies accedi a Wikipedia (in italiano) oppure a the About Cookies website (in inglese). Proseguendo la navigazione sul sito o chiudendo il banner o il pop-up, acconsenti all\u2019uso&hellip; <\/p>\n","protected":false},"author":1,"featured_media":0,"parent":0,"menu_order":0,"comment_status":"closed","ping_status":"closed","template":"layouts\/page-fullwidth.php","meta":{"jetpack_post_was_ever_published":false,"footnotes":""},"class_list":["post-1146","page","type-page","status-publish","hentry"],"jetpack_sharing_enabled":true,"jetpack_shortlink":"https:\/\/wp.me\/P6ZQY0-iu","jetpack-related-posts":[{"id":505,"url":"https:\/\/langosco.it\/?page_id=505","url_meta":{"origin":1146,"position":0},"title":"Contatti","date":"Gennaio 6, 2016","format":false,"excerpt":"Per informazioni relative al sito Langosco.it potete contattarci al seguente indirizzo email: info@langosco.it ______________________________________________ Credits: il lavoro di ricerca storica pubblicato su langosco.it \u00e8 soprattutto di Paolo Langosco, che pu\u00f2 essere contattato per a: info@langosco.it Il logo del sito, lo stemma completo di cimiero e di motto, \u00e8 un disegno\u2026","rel":"","context":"Articolo simile","img":{"alt_text":"","src":"","width":0,"height":0},"classes":[]},{"id":1329,"url":"https:\/\/langosco.it\/?page_id=1329","url_meta":{"origin":1146,"position":1},"title":"XI to XIV centuries","date":"Marzo 25, 2016","format":false,"excerpt":"Sul finire del X sec. la genealogia si fa un po\u2019 pi\u00f9 chiara e troviamo due fratelli, figli molto probabilmente del \"judex domni regis\" indicato come Pietro (ii) nella ricostruzione della prof. Dragoni. Essi sono: \u201cCunibertus iudex domni regis\u201d che figura in vari atti dal 967 al 999. Questo personaggio\u2026","rel":"","context":"Articolo simile","img":{"alt_text":"","src":"https:\/\/i0.wp.com\/langosco.it\/wp-content\/uploads\/2016\/01\/Ottone-III-coronazione-249x300.jpg?resize=350%2C200","width":350,"height":200},"classes":[]},{"id":1331,"url":"https:\/\/langosco.it\/?page_id=1331","url_meta":{"origin":1146,"position":2},"title":"XV century onward &#8211; extinct branches","date":"Marzo 25, 2016","format":false,"excerpt":"Tra le figure che successivamente si distinsero segnaler\u00f2 le seguenti: Signori di Stroppiana (1\u00b0 ramo) Giovan Tomaso. Fu il pi\u00f9 eminente personaggio di questa linea. Nel 1554 ambasciatore del duca all\u2019imperatore nei Paesi Bassi. Nel 1556 signore di Villarboit. Nel 1559 plenipotenziario a Cateau-Cambr\u00e9sis dove firma i trattati in rappresentanza\u2026","rel":"","context":"Articolo simile","img":{"alt_text":"","src":"","width":0,"height":0},"classes":[]},{"id":339,"url":"https:\/\/langosco.it\/?page_id=339","url_meta":{"origin":1146,"position":3},"title":"Bibliografia","date":"Novembre 23, 2015","format":false,"excerpt":"Nel seguente tabulato ogni riga si riferisce ad un\u2019opera e le informazioni sono incluse su 5 colonne che da sinistra a destra riportano: 1) Un numero d\u2019ordine attribuito all\u2019opera. (Bibl. PLL n\u00b0 ) 2) Un secondo num. d\u2019ordine utile in alcuni casi. 3) L\u2019indicazione (0\/1) se l\u2019opera (in origin. o\u2026","rel":"","context":"Articolo simile","img":{"alt_text":"","src":"","width":0,"height":0},"classes":[]},{"id":1334,"url":"https:\/\/langosco.it\/?page_id=1334","url_meta":{"origin":1146,"position":4},"title":"XV onward &#8211; main branch","date":"Marzo 25, 2016","format":false,"excerpt":"Langosco di Langosco (di S. Polo o S. Paolo Leria) I due fratelli Giordano e Lionardo di Langasco (sic) nel 1453 combatterono per difendere Costantinopoli. Guido Antonio. (Bibliografia 10 - pag. 2.) Capitano generale delle cacce dello stato di Milano. Compreso nell'investitura delle chiese di S. Martino e di S.\u2026","rel":"","context":"Articolo simile","img":{"alt_text":"","src":"","width":0,"height":0},"classes":[]},{"id":1139,"url":"https:\/\/langosco.it\/?page_id=1139","url_meta":{"origin":1146,"position":5},"title":"Nonantola &#8211; Abbazia","date":"Gennaio 15, 2016","format":false,"excerpt":"[Perch\u00e9 \u00e8 importante per la famiglia Langosco?] Link relativi all'Abbazia di Nonantola: Sito ufficiale Wikipedia Centro studi Nonantolani","rel":"","context":"Articolo simile","img":{"alt_text":"","src":"","width":0,"height":0},"classes":[]}],"_links":{"self":[{"href":"https:\/\/langosco.it\/index.php?rest_route=\/wp\/v2\/pages\/1146","targetHints":{"allow":["GET"]}}],"collection":[{"href":"https:\/\/langosco.it\/index.php?rest_route=\/wp\/v2\/pages"}],"about":[{"href":"https:\/\/langosco.it\/index.php?rest_route=\/wp\/v2\/types\/page"}],"author":[{"embeddable":true,"href":"https:\/\/langosco.it\/index.php?rest_route=\/wp\/v2\/users\/1"}],"replies":[{"embeddable":true,"href":"https:\/\/langosco.it\/index.php?rest_route=%2Fwp%2Fv2%2Fcomments&post=1146"}],"version-history":[{"count":6,"href":"https:\/\/langosco.it\/index.php?rest_route=\/wp\/v2\/pages\/1146\/revisions"}],"predecessor-version":[{"id":1231,"href":"https:\/\/langosco.it\/index.php?rest_route=\/wp\/v2\/pages\/1146\/revisions\/1231"}],"wp:attachment":[{"href":"https:\/\/langosco.it\/index.php?rest_route=%2Fwp%2Fv2%2Fmedia&parent=1146"}],"curies":[{"name":"wp","href":"https:\/\/api.w.org\/{rel}","templated":true}]}}